to base 3
-2120200
Convert 6478 (base 11) to base 4.
2011223
-10001101 (base 3) to base 15
-9d4
-111354 (base 6) to base 8
-22326
Convert 6467 (base 9) to base 2.
1001010010111
What is -16345 (base 7) in base 11?
-3538
What is 46523 (base 7) in base 15?
37ee
-732 (base 13) to base 7
-3366
Convert 201111012 (base 3) to base 11.
a746
Convert -41454 (base 7) to base 4.
-2133012
338 (base 13) to base 6
2322
What is -7a43 (base 12) in base 9?
-20566
Convert -109 (base 13) to base 15.
-bd
Convert 134130 (base 5) to base 9.
7535
Convert -1011011100 (base 2) to base 11.
-606
-25797 (base 11) to base 4
-21000122
What is -a6e (base 16) in base 8?
-5156
Convert -293 (base 13) to base 7.
-1223
Convert -a5 (base 12) to base 14.
-8d
What is -101000100111 (base 2) in base 13?
-124c
Convert b674 (base 12) to base 11.
13aa6
403 (base 12) to base 5
4304
What is -b77 (base 13) in base 9?
-2614
-1877 (base 12) to base 8
-5633
Convert -33101021 (base 4) to base 14.
-18b0d
-5543 (base 9) to base 16
-ff9
-12341 (base 6) to base 7
-5266
20030 (base 7) to base 14
1a87
-388 (base 13) to base 14
-323
Convert 211331 (base 5) to base 4.
1232303
-14566 (base 7) to base 8
-7742
-36 (base 11) to base 3
-1110
Convert -7237 (base 11) to base 7.
-36662
6273 (base 8) to base 2
110010111011
Convert 3022000 (base 4) to base 14.
49d6
33453 (base 6) to base 12
2889
What is f1e (base 16) in base 15?
1230
103 (base 7) to base 4
310
Convert 10323 (base 6) to base 12.
9a3
-340 (base 10) to base 6
-1324
Convert 4168 (base 12) to base 6.
53012
Convert -20a (base 14) to base 13.
-24c
2384 (base 16) to base 12
5318
1123 (base 9) to base 10
831
What is -1200203 (base 4) in base 3?
-22110212
cb (base 16) to base 2
11001011
-12100 (base 3) to base 8
-220
Convert -100001111000 (base 2) to base 5.
-32133
-1031044 (base 5) to base 2
-100010011110001
Convert 4331 (base 7) to base 3.
2010002
-312133 (base 4) to base 2
-110110011111
Convert 3203 (base 5) to base 16.
1ac
Convert -14236 (base 9) to base 7.
-40125
43060 (base 7) to base 13
4b22
Convert 256 (base 16) to base 6.
2434
631 (base 7) to base 2
100111100
388 (base 12) to base 2
1000011000
Convert -320 (base 7) to base 2.
-10100001
What is -153034 (base 6) in base 8?
-35116
-397 (base 12) to base 10
-547
Convert -689 (base 10) to base 5.
-10224
Convert 468 (base 9) to base 3.
112022
Convert -5fc3 (base 16) to base 15.
-73e5
What is 1141e (base 16) in base 2?
10001010000011110
Convert -2251 (base 6) to base 13.
-322
What is 1212000 (base 3) in base 11?
1018
Convert 2441 (base 6) to base 5.
4401
Convert -58197 (base 10) to base 2.
-1110001101010101
c3 (base 14) to base 8
253
Convert 13a2 (base 12) to base 6.
14322
What is -5626 (base 9) in base 2?
-1000000111011
15353 (base 7) to base 2
1000011001101
Convert -100100101010 (base 2) to base 5.
-33341
Convert -5369 (base 14) to base 13.
-672a
Convert 3828 (base 12) to base 2.
1100011100000
113 (base 15) to base 16
f3
Convert 2041434 (base 5) to base 3.
1201122001
4a7 (base 14) to base 9
1244
231203 (base 6) to base 9
30053
134 (base 7) to base 9
82
Convert 2241 (base 10) to base 15.
9e6
11000010000011 (base 2) to base 5
344134
What is -84118 (base 9) in base 4?
-31203032
Convert 3dd (base 15) to base 8.
1563
What is 12000011 (base 3) in base 15?
1134
Convert 1233 (base 14) to base 16.
c6d
What is -264 (base 9) in base 2?
-11011100
-2597 (base 14) to base 5
-202401
What is -42626 (base 8) in base 7?
-102636
What is 324 (base 15) in base 4?
23011
What is 23011233 (base 4) in base 5?
2423143
What is 272 (base 16) in base 9?
765
Convert -101101111000100 (base 2) to base 5.
-1222432
2041 (base 5) to base 12
1a7
Convert -333 (base 5) to base 2.
-1011101
1244b (base 14) to base 16
aed3
What is 121010111 (base 3) in base 7?
46165
b27b (base 15) to base 4
21030323
-251 (base 9) to base 5
-1313
What is -23125 (base 6) in base 9?
-4458
Convert 111111110000000 (base 2) to base 11.
22583
Convert 117666 (base 8) to base 11.
2879a
Convert -440 (base 10) to base 9.
-538
Convert -c76 (base 16) to base 7.
-12205
Convert -11010 (base 6) to base 3.
-2002020
What is -1122 (base 16) in base 7?
-15534
-2230 (base 5) to base 4
-10323
Convert 4113 (base 5) to base 13.
320
Convert 1374 (base 8) to base 6.
3312
30010 (base 4) to base 14
3d2
Convert -24642 (base 7) to base 11.
-4978
Convert -111112001 (base 3) to base 14.
-3840
614 (base 8) to base 15
1b6
34 (base 12) to base 16
28
What is -1812 (base 9) in base 13?
-82a
What is 16a6 (base 14) in base 4?
333202
-2320010 (base 4) to base 3
-121011022
-50705 (base 8) to base 16
-51c5
Convert 443 (base 11) to base 8.
1023
-35664 (base 7) to base 5
-244013
4be (base 16) to base 12
852
What is 110001111100 (base 2) in base 8?
6174
What is 1443 (base 6) in base 13?
23a
What is -22402 (base 8) in base 12?
-5596
-147c (base 13) to base 15
-d36
Convert -701 (base 8) to base 14.
-241
20522 (base 6) to base 13
1364
Convert 201200 (base 3) to base 6.
2243
What is 3b14 (base 14) in base 13?
4976
2311011 (base 5) to base 10
41381
Convert -1001100110101 (base 2) to base 14.
-1b13
Convert -86b (base 15) to base 7.
-5354
What is 571 (base 14) in base 16?
437
-397 (base 10) to base 12
-291
112 (base 13) to base 2
10111000
Convert -31201 (base 4) to base 14.
-45b
14473 (base 9) to base 14
384b
2581 (base 9) to base 10
1936
What is -5153 (base 9) in base 12?
-2226
15a3 (base 13) to base 4
301213
12a (base 13) to base 2
11001101
15b4 (base 14) to base 13
19c8
a0c9 (base 14) to base 4
12233201
What is -1166 (base 10) in base 16?
-48e
Convert -111 (base 11) to base 13.
-a3
What is 1769 (base 12) in base 5?
42232
Convert -100355 (base 6) to base 12.
-46bb
1000010 (base 5) to base 10
15630
Convert 387 (base 12) to base 9.
654
Convert -1101240 (base 5) to base 2.
-100101000000001
-11221 (base 3) to base 15
-8d
What is -15bd (base 15) in base 14?
-19c2
Convert 2030021 (base 5) to base 16.
8170
What is -356 (base 11) in base 3?
-120201
885 (base 11) to base 16
425
What is 1122011 (base 3) in base 9?
1564
What is 323 (base 13) in base 4?
20120
-135333 (base 6) to base 15
-3c33
What is -3a82 (base 15) in base 16?
-30d1
What is 9211 (base 11) in base 9?
17702
Convert -3202 (base 14) to base 8.
-20662
What is 10233 (base 6) in base 11?
1053
-2116 (base 8) to base 12
-77a
Convert 3689 (base 13) to base 7.
31334
-54131 (base 6) to base 13
-34a2
Convert 5146 (base 12) to base 9.
13110
What is -132333 (base 5) in base 14?
-1d39
What is 450552 (base 6) in base 7?
215123
What is 1111 (base 12) in base 8?
3535
7aa0 (base 13) to base 6
211343
What is 2220121 (base 3) in base 8?
4112
Convert -38ee (base 15) to base 9.
-17588
Convert -300003 (base 5) to base 12.
-5516
-3247 (base 13) to base 10
-6988
4102 (base 5) to base 8
1017
Convert -112022 (base 3) to base 4.
-12002
-111011110111 (base 2) to base 8
-7367
What is 300511 (base 6) in base 11?
16738
10000011 (base 2) to base 11
10a
What is -2506 (base 7) in base 14?
-4ad
What is 676 (base 14) in base 3?
1202102
-9a71 (base 12) to base 4
-10022311
11101101100010 (base 2) to base 11
10470
Convert -572 (base 16) to base 7.
-4031
Convert 33 (base 6) to base 16.
15
What is -2e1c (base 16) in base 3?
-121012012
What is -43a (base 13) in base 2?
-1011010101
What is 2122000 (base 3) in base 13?
b46
Convert -1143 (base 8) to base 7.
-1532
What is -2b6 (base 15) in base 6?
-2513
What is -ec1e (base 16) in base 9?
-101822
Convert -1244 (base 6) to base 16.
-13c
Convert -4410 (base 5) to base 3.
-211102
What is 30451 (base 6) in base 10?
4063
-2152 (base 8) to base 11
-938
Convert 24a1 (base 13) to base 14.
1c77
What is -820 (base 14) in base 11?
-1221
What is 2aaa (base 11) in base 8?
7630
What is -1110 (base 6) in base 10?
-258
Convert -12533 (base 7) to base 4.
-310130
What is 1245 (base 10) in base 15?
580
21211 (base 3) to base 16
d3
-14102 (base 9) to base 12
-5648
-38a (base 16) to base 6
-4110
Convert -1343011 (base 5) to base 13.
-c8c9
Convert -2607 (base 15) to base 3.
-102010021
Convert -1001111111 (base 2) to base 13.
-3a2
Convert -5726 (base 10) to base 9.
-7762
What is -503 (base 7) in base 16?
-f8
Convert -4ed5 (base 15) to base 2.
-100000111010010
30b (base 14) to base 11
4a5
-1b0c5 (base 13) to base 9
-80485
What is -22b (base 15) in base 13?
-2ba
Convert 